3
Convert -9 (base 16) to base 15.
-9
Convert -2 (base 15) to base 2.
-10
3 (base 8) to base 6
3
Convert 22 (base 12) to base 16.
1a
What is 0 (base 13) in base 15?
0
-4 (base 10) to base 2
-100
7 (base 13) to base 8
7
2 (base 10) to base 15
2
10 (base 7) to base 11
7
What is -13 (base 9) in base 11?
-11
What is -7b (base 12) in base 6?
-235
Convert -2234 (base 5) to base 13.
-1b7
-31 (base 7) to base 16
-16
What is 0 (base 4) in base 12?
0
Convert -3 (base 11) to base 3.
-10
Convert 100 (base 2) to base 16.
4
What is 0 (base 15) in base 7?
0
-191 (base 10) to base 11
-164
22 (base 3) to base 4
20
What is -1 (base 12) in base 9?
-1
30 (base 13) to base 11
36
0 (base 13) to base 7
0
Convert 3 (base 16) to base 14.
3
Convert -8 (base 9) to base 2.
-1000
Convert 23 (base 14) to base 9.
34
Convert -52 (base 14) to base 4.
-1020
Convert 213 (base 5) to base 4.
322
Convert 142 (base 5) to base 10.
47
-1011111 (base 2) to base 3
-10112
What is 1112 (base 3) in base 15?
2b
What is -b (base 15) in base 11?
-10
Convert -d (base 15) to base 9.
-14
0 (base 16) to base 14
0
Convert -11022 (base 3) to base 13.
-8c
Convert 7 (base 13) to base 14.
7
What is 2 (base 9) in base 2?
10
-2c (base 13) to base 9
-42
What is -1 (base 9) in base 8?
-1
0 (base 9) to base 12
0
-3 (base 9) to base 6
-3
6 (base 14) to base 10
6
What is -3 (base 12) in base 13?
-3
What is 2 (base 8) in base 2?
10
What is 1 (base 11) in base 2?
1
What is 1 (base 14) in base 2?
1
What is 10 (base 5) in base 12?
5
3 (base 4) to base 10
3
-24 (base 16) to base 4
-210
What is 30 (base 4) in base 8?
14
What is -1 (base 14) in base 6?
-1
Convert 1 (base 10) to base 14.
1
What is -40 (base 6) in base 4?
-120
Convert 3 (base 12) to base 3.
10
-2 (base 10) to base 2
-10
Convert 11 (base 10) to base 13.
b
Convert 4c (base 16) to base 5.
301
4 (base 6) to base 14
4
-121 (base 3) to base 9
-17
Convert 26 (base 12) to base 2.
11110
What is -3 (base 5) in base 7?
-3
What is -20 (base 3) in base 12?
-6
What is -18 (base 10) in base 4?
-102
What is 1 (base 4) in base 14?
1
What is 10 (base 3) in base 4?
3
-15 (base 7) to base 16
-c
What is a0 (base 12) in base 8?
170
What is -56 (base 16) in base 4?
-1112
-513 (base 8) to base 9
-407
-16 (base 13) to base 16
-13
Convert -21 (base 5) to base 9.
-12
What is 4 (base 6) in base 14?
4
What is -9 (base 11) in base 14?
-9
-127 (base 14) to base 10
-231
315 (base 6) to base 15
7e
What is 11 (base 2) in base 15?
3
Convert 125 (base 6) to base 7.
104
121 (base 11) to base 14
a4
Convert -10111 (base 2) to base 6.
-35
Convert -24 (base 5) to base 3.
-112
Convert 14 (base 8) to base 15.
c
Convert 3 (base 6) to base 10.
3
Convert -4 (base 5) to base 7.
-4
-10 (base 4) to base 7
-4
What is -11 (base 8) in base 15?
-9
Convert -2 (base 16) to base 6.
-2
-14 (base 12) to base 8
-20
Convert -1 (base 13) to base 3.
-1
Convert -15 (base 9) to base 7.
-20
What is -3100 (base 5) in base 4?
-12100
Convert -4 (base 16) to base 5.
-4
-4 (base 15) to base 3
-11
What is -14 (base 8) in base 5?
-22
-57 (base 8) to base 6
-115
5 (base 10) to base 3
12
1233 (base 6) to base 10
309
What is 3 (base 14) in base 6?
3
0 (base 5) to base 7
0
What is 12020 (base 3) in base 13?
ab
56 (base 7) to base 15
2b
What is 1 (base 13) in base 5?
1
20 (base 5) to base 11
a
Convert 10 (base 16) to base 4.
100
Convert -55 (base 8) to base 14.
-33
What is -2003 (base 4) in base 6?
-335
What is 1 (base 2) in base 16?
1
a (base 15) to base 8
12
What is 12 (base 6) in base 14?
8
Convert -2 (base 9) to base 11.
-2
What is -21 (base 14) in base 11?
-27
What is -21222 (base 3) in base 16?
-d7
What is 0 (base 15) in base 8?
0
What is -6 (base 11) in base 16?
-6
Convert 331 (base 10) to base 7.
652
What is -4 (base 6) in base 12?
-4
Convert -1001011 (base 2) to base 14.
-55
What is -100000 (base 2) in base 9?
-35
What is 0 (base 8) in base 2?
0
Convert 61 (base 7) to base 4.
223
Convert -30 (base 7) to base 12.
-19
-1 (base 7) to base 16
-1
4 (base 15) to base 13
4
2 (base 4) to base 10
2
Convert -4 (base 8) to base 2.
-100
Convert -5 (base 6) to base 12.
-5
Convert 10100 (base 2) to base 6.
32
Convert 30 (base 6) to base 3.
200
13 (base 5) to base 14
8
Convert 190 (base 13) to base 11.
240
Convert -111100 (base 2) to base 16.
-3c
Convert -213 (base 5) to base 10.
-58
What is -110 (base 9) in base 10?
-90
22 (base 13) to base 6
44
What is -11111000 (base 2) in base 13?
-161
What is 0 (base 13) in base 6?
0
a3 (base 14) to base 3
12022
-2 (base 9) to base 11
-2
Convert 0 (base 15) to base 5.
0
3 (base 16) to base 4
3
35 (base 12) to base 15
2b
Convert 210 (base 4) to base 15.
26
1 (base 11) to base 12
1
33 (base 7) to base 13
1b
Convert -2 (base 3) to base 9.
-2
Convert 135 (base 7) to base 3.
2210
65 (base 9) to base 8
73
0 (base 10) to base 8
0
Convert -9 (base 13) to base 5.
-14
Convert 12 (base 3) to base 6.
5
1001 (base 2) to base 12
9
Convert -4 (base 8) to base 7.
-4
Convert 1 (base 9) to base 11.
1
What is -36 (base 13) in base 11?
-41
What is 53 (base 14) in base 15?
4d
Convert 7 (base 16) to base 7.
10
Convert 2 (base 4) to base 2.
10
Convert -c (base 14) to base 6.
-20
Convert 3 (base 7) to base 16.
3
Convert -21012 (base 3) to base 12.
-142
-1c (base 13) to base 9
-27
What is -13 (base 9) in base 14?
-c
What is 56 (base 9) in base 12?
43
2 (base 3) to base 8
2
Convert 8 (base 10) to base 16.
8
5 (base 11) to base 10
5
What is 42 (base 5) in base 8?
26
What is 7 (base 16) in base 4?
13
What is -22 (base 6) in base 13?
-11
What is 10001 (base 3) in base 10?
82
9 (base 15) to base 11
9
What is 98 (base 16) in base 3?
12122
Convert c (base 13) to base 9.
13
Convert 2 (base 16) to base 4.
2
Convert 13 (base 8) to base 14.
b
2 (base 11) to base 6
2
Convert 8a (base 16) to base 11.
116
What is a (base 15) in base 12?
a
225 (base 7) to base 4
1311
109 (base 11) to base 4
2002
Convert 1 (base 6) to base 4.
1
Convert -10 (base 4) to base 10.
-4
Convert 130 (base 7) to base 12.
5a
What is -22 (base 3) in base 6?
-12
Convert -6 (base 12) to base 3.
-20
What is 7 (base 12) in base 6?
11
-104 (base 5) to base 13
-23
Convert 139 (base 12) to base 15.
c9
Convert -1 (base 6) to base 7.
-1
Convert 2 (base 13) to base 7.
2
-13 (base 14) to base 13
-14
Convert 47 (base 10) to base 4.
233
Convert 220 (base 3) to base 6.
40
-2 (base 15) to base 7
-2
Convert -254 (base 11) to base 2.
-100101101
Convert -177 (base 14) to base 10.
-301
Convert 9 (base 10) to base 16.
9
Convert 0 (base 8) to base 4.
0
Convert 4 (base 16) to base 3.
11
206 (base 11) to base 7
503
-1010 (base 2) to base 6
-14
-68 (base 10) to base 8
-104
14 (base 5) to base 11
9
3 (base 9) to base 6
3
Convert -1001 (base 2) to base 8.
-11
-1 (base 14) to base 3
-1
214 (base 9) to base 5
1200
-102 (base 3) to base 5
-21
What is -2 (base 7) in base 16?
-2
What is -ab (base 15) in base 14?
-b7
-3 (base 14) to base 13
-3
Convert -10 (base 4) to base 3.
-11
2 (base 11) to base 15
2
Convert 9 (base 14) to base 7.
12
1313 (base 4) to base 7
230
-a3 (base 15) to base 4
-2121
What is -20 (base 3) in base 16?
-6
10 (base 2) to base 4
2
43 (base 8) to base 14
27
Convert -31 (base 4) to base 8.
-15
-4 (base 10) to base 14
-4
Convert -70 (base 10) to base 8.
-106
Convert 2 (base 12) to base 13.
2
Convert 6 (base 7) to base 15.
6
What is 546 (base 8) in base 13?
217
3 (base 15) to base 10
3
Convert 6 (base 7) to base 14.
6
-36 (base 14) to base 7
-66
Convert -1 (base 3) to base 6.
-1
What is 137 (base 9) in base 4?
1303
Convert -13 (base 11) to base 3.
-112
What is -d4 (base 15) in base 7?
-403
-2 (base 7) to base 13
-2
-38 (base 15) to base 2
-110101
What is 1302 (base 4) in base 8?
162
Convert -136 (base 7) to base 12.
-64
20 (base 4) to base 5
13
5 (base 10) to base 14
5
What is -6 (base 11) in base 14?
-6
-3 (base 10) to base 16
-3
Convert -3 (base 7) to base 2.
-11
Convert -12 (base 13) to base 2.
-1111
0 (base 5) to base 4
0
Convert 443 (base 6) to base 16.
ab
Convert 3 (base 13) to base 16.
3
-1 (base 9) to base 7
-1
Convert 3 (base 10) to base 14.
3
What is 304 (base 5) in base 4?
1033
What is 122 (base 6) in base 4?
302
Convert -56 (base 8) to base 5.
-141
-a (base 13) to base 9
-11
10 (base 2) to base 16
2
-1 (base 2) to base 10
-1
7 (base 9) to base 5
12
What is 